-4).
10
Suppose 4*h + 2*x = h + 185, 2*h - 5*x = 155. Let t = -31 + h. What is the remainder when t is divided by 12?
10
Let i(o) = -4*o - 5. Suppose 2 = y - r, -2*y - 2*r + 18 = 6. Calculate the remainder when i(-5) is divided by y.
3
Let i(u) = -u**2 + 3*u + 3. What is the remainder when 6 is divided by i(3)?
0
Let f(x) = x**3 + 3*x**2 + 2*x + 1. Let w be f(-3). What is the remainder when 28 is divided by w/(-1 + 1/2)?
8
Let v(s) = -s**3 + 3*s**2 - 4*s + 3. Let p be v(2). Calculate the remainder when 39 is divided by (-21)/6*p*4.
11
Let a = 85 + -60. Calculate the remainder when a is divided by 7.
4
Let f = -140 - -228. Calculate the remainder when f is divided by 30.
28
Let h(k) = k - 2. Let x be h(7). Let n(r) = -r**3 + 6*r**2 - 4*r. Let u = -26 - -39. Calculate the remainder when u is divided by n(x).
3
Let s(x) = x**3 - 3*x**2 - 6*x + 3. Let g be s(4). Let d(c) = -3*c - 9. What is the remainder when 23 is divided by d(g)?
5
Suppose 4*a - 1916 = -2*r, -a - 5*r + 1910 = 3*a. Suppose a = 3*u + u. Suppose -5*h = -5*n + u, h = -0*h - 3. Calculate the remainder when n is divided by 11.
10
Let j be -5*(7 + (-1 - 1)). What is the remainder when (-260)/j - 3/(-5) is divided by 6?
5
Suppose 5*b - 7 = 3. Let x(i) = -6*i - 2*i**2 + b*i + i**2 + 3 - 5*i. What is the remainder when 5 is divided by x(-9)?
2
Let v(m) = -5 + 5*m + 5*m - 6*m. Let z be v(5). Let h = z + -7. What is the remainder when 15 is divided by h?
7
Let o = 9 - 6. Let b be (-3)/9*(-6 + -3). Suppose b*w - 14 = 7. What is the remainder when w is divided by o?
1
Suppose 0 = z - 14 + 2. What is the remainder when 83 is divided by z?
11
What is the remainder when 161 is divided by (3 - 16/5) + (-813)/(-15)?
53
Suppose 3*b + 66 = 5*b. What is the remainder when b is divided by 17?
16
Suppose -5*x = -4*x - 2. Suppose 0 = 4*c - r + 5 - 78, 3*r - 33 = -x*c. Calculate the remainder when 70 is divided by c.
16
Suppose j + 4*v - 75 = -2*j, -14 = -j - 5*v. What is the remainder when 56 is divided by j?
27
Let p(i) = -i + 3. Let y be p(3). Suppose o - 29 = -4*h - 1, 3*h - 5*o - 21 = 0. What is the remainder when h is divided by 6*(y + (-2)/(-4))?
1
Let q be (-441)/(-27) + 2/(-6). Suppose 0 = -3*c - q + 52. Let n = 0 - -7. What is the remainder when c is divided by n?
5
Suppose 33 = o + 3*g, -2*o + 4*g - 66 = -4*o. Suppose 2*x + 3 = l, 6 = l + 3*x - 12. Calculate the remainder when o is divided by l.
6
Suppose -i - 34 = -2*i. Calculate the remainder when i is divided by 9.
7
Suppose -5*h - 3*b - b + 40 = 0, -3 = 3*h - 3*b. What is the remainder when 12 + 1 + 0 + -2 is divided by h?
3
Let v(n) = 2*n**2 - 4*n - 3. What is the remainder when v(-2) is divided by (-2 - -1)/((-3)/15)?
3
Let d = -19 - -50. Let w = -21 + d. Calculate the remainder when w is divided by 4.
2
Suppose 6*t - 3*t - 105 = 3*f, 8 = 2*f. What is the remainder when 309 is divided by t?
36
Let i(w) = 2*w**2 - 7*w. Let c be i(6). Let j be (30/(-35))/(10/(-14))*-15. Let h = c + j. What is the remainder when 23 is divided by h?
11
Let h(m) = -121*m - 8. Calculate the remainder when h(-1) is divided by 38.
37
Let t = 7 + 1. Suppose x + 2*u = t, -3*x + 7 = -u - 3. Suppose -x*z = -4 - 12. What is the remainder when z is divided by 3?
1
Suppose 2*i - 4*v = -3*i + 114, 2*i = v + 45. Calculate the remainder when i is divided by 7.
1
Let u be (-11)/(-3) + (-20)/(-15). Suppose 0 = 5*k - 10 + u. Calculate the remainder when 1 is divided by k.
0
Suppose -3*l + 299 = -16. Suppose 5*a = -3*n + l, -n + a + 25 = -2. What is the remainder when n is divided by 8?
6
Suppose -4 = -k - 3*k, -2*k - 37 = -i. What is the remainder when 77 is divided by i?
38
Let i(b) = b**3 - 13*b**2 + b + 5. Calculate the remainder when i(13) is divided by 5.
3
What is the remainder when -4 - ((-4)/3)/((-5)/(-435)) is divided by 20?
12
What is the remainder when 32 is divided by (1*(-3)/(-12))/((-8)/(-352))?
10
Let y(w) = w**2 - 8*w - 1. Let g be y(9). Calculate the remainder when 24 is divided by ((-18)/g)/((-3)/12).
6
Let p(c) = 26*c - 1. Let n = 8 - 6. Calculate the remainder when p(n) is divided by 4/18 - (-230)/18.
12
Let s(p) = 5*p**2 + 15*p - 7. Calculate the remainder when s(-7) is divided by 27.
25
Suppose 4*v - 6*v + 4*j - 16 = 0, -2*v + 3*j = 11. Suppose 0 = -6*p + v*p + 24. What is the remainder when 23 is divided by p?
5
Suppose r + 11 - 36 = 0. Suppose r = 2*u - 23. Calculate the remainder when u is divided by 13.
11
Let i(r) = r**3 + 3*r**2 - 6*r + 4. Let v be i(5). Suppose -f + v = 2*f. What is the remainder when f is divided by 20?
18
Suppose -4*z = -3*t + 28 + 4, -3*z = t - 2. What is the remainder when 14 is divided by t?
6
Let j be 1/2 + 3/6. Let c(k) = 19*k**2 + 2*k - 1. Let s be c(j). Suppose 4*f - 24 = -5*l, 0*l + s = 4*l + 3*f. What is the remainder when 15 is divided by l?
7
Suppose -4*t + 18 = 3*h, -t = h - 0*t - 6. Suppose h*v - 8 = 5*v. Calculate the remainder when 15 is divided by v.
7
Let n be 2/(-1 - 1) + -1. Let y(u) = -u**3 + u**2 + 3*u + 2. Calculate the remainder when 14 + ((-1)/1)/(-1) is divided by y(n).
7
Suppose 0 = 2*m - m - 68. Suppose 4 = -5*h - 2*f + m, 5*f - 34 = -2*h. Calculate the remainder when 22 is divided by h.
10
Suppose 0 = -0*f - 2*f + 2*q + 84, 3*q = -15. Let j = 17 - -2. Let w = f - j. Calculate the remainder when 52 is divided by w.
16
Calculate the remainder when 94 is divided by (-2)/(-10) + (-1449)/(-105).
10
Suppose 0*k - 5*r - 195 = -5*k, r - 4 = 0. Let v = k + -8. What is the remainder when v is divided by 12?
11
Let b = -7 - -17. What is the remainder when 27 is divided by b?
7
Let v(c) = 2*c**2 + 18*c - 10. What is the remainder when v(-11) is divided by 10?
4
Let t(l) = -4*l**3 + l**2 + 5*l + 5. Calculate the remainder when 86 is divided by t(-2).
24
Suppose 2*b - 8 = -2. Suppose 4*d = -b*n - 2*n + 121, -5*d + 125 = 5*n. What is the remainder when 82 is divided by n?
19
Let n = -20 + 34. Suppose 2*t + 0*t - n = 0. What is the remainder when 3/3 + 2 + 10 is divided by t?
6
What is the remainder when 23 is divided by (-26)/(-6) - (-12)/18?
3
Let p(t) = 3*t**2 - t. Let i(m) = -8*m + 5. Let a(z) = 9*z - 6. Let j(q) = 3*a(q) + 4*i(q). Calculate the remainder when j(-5) is divided by p(-2).
13
Suppose 15*g = 13*g + 26. Calculate the remainder when g is divided by 7.
6
Suppose 4*t - 12 = 8. Suppose -3 = -3*n, -6*x + 8*x - 15 = -t*n. Calculate the remainder when 8 is divided by x.
3
Suppose -3*d + 17 + 13 = 0. What is the remainder when 18 is divided by d?
8
Let f(j) = -15*j**3 - j - 2. Let n be f(-2). Suppose -5*c + n = -75. What is the remainder when c is divided by 20?
19
Suppose 5*x - 48 = -13. What is the remainder when (4/(-8))/(1/(-36)) is divided by x?
4
Let y be (-1)/(-3) + 33/9. Suppose -5*v - 5*x + 60 = 0, 3*v = -y*x + 24 + 16. Suppose 16 = 4*r - v. What is the remainder when 11 is divided by r?
5
Suppose 5*d + 26 = 41. What is the remainder when 4 is divided by d?
1
Let b(f) = -3*f + 6. Let n = 5 + 11. Calculate the remainder when n is divided by b(0).
4
Let f(i) = i**2 + i - 3. Let z be f(0). Let b = z + 0. Let o(k) = 5*k**2 + 3*k - 4. Calculate the remainder when o(b) is divided by 17.
15
Suppose -p + 4*p + 3*f - 81 = 0, 4*p - 2*f = 96. Let o(u) = u**2 - 11*u - 13. What is the remainder when p is divided by o(13)?
12
Let i = -16 - -34. Calculate the remainder when i is divided by 5.
3
Let u(z) = -10*z + 2. Let v(m) = 13*m + 121. What is the remainder when v(-6) is divided by u(-2)?
21
Let a(l) = -l**3 + 19*l**2 - 16*l - 22. What is the remainder when 68 is divided by a(18)?
12
Suppose 3*d = 2*n - 191, -4*n + d + 407 = -0*n. What is the remainder when n is divided by 26?
25
Let m(w) = 7*w**2 - 13. Let z(y) = 6*y**2 + y - 13. Let p(r) = -5*m(r) + 6*z(r). What is the remainder when p(-10) is divided by 10?
7
Let o(u) = u + 12. Let x be o(-8). Let s be 10/x*(-3 - -5). Calculate the remainder when 8 is divided by s/2 - (-1)/2.
2
What is the remainder when 4/(5*1/35) is divided by 5?
3
Suppose 32 = 5*a + 12. Calculate the remainder when 18 is divided by a.
2
Suppose -17 = -2*j - 9. Suppose -b + 3*b = 22. What is the remainder when b is divided by j?
3
Suppose -4*r - s = -2*r - 45, 5*r - 4*s = 145. Suppose -4*v + 7*v = 15. Let o = v + 4. Calculate the remainder when r is divided by o.
7
Suppose -141 = s - 